 w(z) = -2*z**3 + z**2 - 21*z - 7. Let b(o) = -o**3 - 11*o - 4. Let u(r) = 11*b(r) - 6*w(r). Give u(q).
-2
Let h(j) = -3*j - 1574 + 4708 - 1566 - 1575 + j. Suppose -28 = -3*d + 2*l, 0 = 3*d + 2*l - 6 - 2. Determine h(d).
-19
Let d(q) be the third derivative of q**8/6720 - q**7/630 - q**5/60 + 5*q**4/4 + 67*q**2. Let i(y) be the second derivative of d(y). What is i(4)?
-2
Let y(r) = -40*r + 436. Let u = 26627 + -26616. Calculate y(u).
-4
Let v be (-1)/3*-9 - 6. Let a(m) = -561*m + 2*m**3 + 560*m - 3*m**3 + 1. Let k(h) = 3*h**3 + 4*h**2 + 6*h + 1. Let x(r) = 2*a(r) + k(r). Determine x(v).
0
Suppose 106*c = 50*c - 101*c. Let v(k) = -5*k + 10. Determine v(c).
10
Let r(i) = i**2 + 9*i - 104. Let v(b) = b**2 + 4*b + 3. Let n(y) = r(y) - 2*v(y). Determine n(0).
-110
Let p(z) be the first derivative of -z**7/420 + z**6/360 + z**5/60 + z**4/24 - z**3/3 - 4*z**2 + 2. Let o(k) be the third derivative of p(k). Calculate o(2).
-7
Let s be 2/17 - (-480)/255. Let w be 9 - (s - (-1)/1). Let k(h) = -5*h**3 + 2*h**2 - 2*h + 11. Let y(j) = -j**3 + 1. Let a(i) = w*y(i) - k(i). Calculate a(-4).
19
Let o(h) = -46*h + 1. Let u(n) = -n**2 + 299*n - 67. Let y(z) = -6*o(z) - u(z). Give y(20).
1
Let s(p) = 5*p - 3*p - 3*p + 5*p - 4. Determine s(-1).
-8
Let d = -5399 + 5404. Let v(k) = 4*k - 3 - 4 - 13*k + 7*k. What is v(d)?
-17
Let v(h) = h**3 - 12*h**2 + 58*h - 513. Let j be v(11). Let q(g) = -4*g + 21. What is q(j)?
5
Suppose 5*z + 33 = -27. Let g(n) = n**2 + 12*n + 3. Let c be g(z). Let o(p) = 0*p**2 - p**2 - 5*p - 3 - p**2 - p**3 - c*p**2. Calculate o(-4).
1
Suppose -163*h = 481 + 334. Let v(z) = -2 + 3 - 2 - 7*z**2 - 7*z. Let m(p) = -6*p**2 - 7*p - 2. Let b(t) = -6*m(t) + 5*v(t). Calculate b(h).
-3
Let a = 649 - 634. Suppose 20*x = a*x + 30. Let v(g) = -g**3 + 5*g**2 + 5*g + 9. Determine v(x).
3
Suppose -429 + 381 = -12*b. Let q(z) = 8*z + 4. Determine q(b).
36
Let b(k) = 29*k**2 + 12*k + 23. Let p(r) = -24*r**2 - 12*r - 18. Let i(m) = 5*b(m) + 6*p(m). Determine i(11).
-4
Let f(y) = 2*y - 9. Suppose -107 + 35 - 45 = 13*k. What is f(k)?
-27
Suppose 0 = -i + 5*n + 4, -5*i - n - 13 = -33. Let o be (-1323)/77 + 11 - i/(-22). Let m(b) = b**3 + 5*b**2 - 6*b - 9. Give m(o).
-9
Let q = -753 - -741. Let f(h) = -h**3 - 13*h**2 - 14*h - 32. Calculate f(q).
-8
Suppose l = t - 1, -l - 18 + 11 = -2*t. Let d = 14 + -10. Let f(i) = 2 - d*i - 4*i + 7*i. Calculate f(l).
-3
Let n(w) be the third derivative of 7*w**4/24 + 11*w**3/2 + 428*w**2. Determine n(-5).
-2
Let f(q) = -q + 6. Let a(r) = r**2 + 11*r + 31. Let x be a(-5). Let v be (x/2)/((-4)/(-40)). Give f(v).
1
Let l(i) be the second derivative of -2*i**2 + 2*i - 1/3*i**3 + 45. Suppose -4*j - 15 = -j. Calculate l(j).
6
Let u(z) = -z. Let b(g) = -5*g + 4. Let v(o) = -b(o) + 4*u(o). Let p be 22/88 - (2 + (-7)/4). Let l(x) = 20*x + 5. Let y be l(p). Give v(y).
1
Let g(w) = 8*w + 273. Let i be 987/(-23) - (-178)/(-2047) - -8. Calculate g(i).
-7
Let o(i) = i**3 + 39*i**2 + 2*i + 81. Let m be o(-39). Let y(f) = 4*f**2 - 6*f - 12. Let d be y(m). Let x(l) = l**3 - 5*l**2 - 9*l + 13. What is x(d)?
-5
Let g(h) = h**3 - 7*h**2 - 5*h - 9. Suppose 12*c - 7*c + 80 = -5*w, 0 = -c + w - 6. Let y = c - -19. Determine g(y).
15
Let n(x) = -4*x - 1. Let k(y) = 5*y + 2. Let p(m) = 5*k(m) + 6*n(m). Suppose -g - 6 = 2*r, -3*g + 4*r - 39 = -41. What is p(g)?
2
Let t(c) = -c**2 - 4*c + 5. Let k = -12327 + 12324. Give t(k).
8
Let b(k) = -2*k. Suppose 8 = 3*y + 3*c - 4*c, -5*y = -2*c - 14. Let z(v) = v**y + 7*v + 13 - 9 - 16*v. Let m be z(9). Determine b(m).
-8
Suppose -3*l + 43 = -2*j, 2500*l = -4*j + 2505*l - 89. Let r(n) = -n**2 - 29*n - 74. Calculate r(j).
4
Let s = 1032 + -1036. Let t(o) = 4*o - 7 + 11 + 6. Determine t(s).
-6
Let r(g) = -13*g - 262. Let a(h) = -7*h - 130. Let i(j) = -13*a(j) + 6*r(j). Let w be i(-9). Let m(s) = -10*s + 1. Give m(w).
-9
Let n(l) = 4*l - 2*l**2 + 12 + l + 10 + 3 - 1. Determine n(5).
-1
Let v(g) be the third derivative of 29*g**6/120 - g**5/30 + g**4/24 + 33*g**2 - 2. Let c be (-21)/4 + (-29)/(-116) - -6. Give v(c).
28
Let g(m) = -m**2 + 34 - 56 + 5*m + 29 + 0*m. Let o(d) = -d + 16. Let z be o(0). Suppose 2*l + 2*l - z = 0, -x + 18 = 3*l. Determine g(x).
1
Let f(o) be the first derivative of 15*o**4/2 - 2*o**3/3 + o**2 + 3*o - 1856. Give f(-1).
-31
Let v be 2/(-16) - 1705/440. Let n(l) = l**2 - 12*l. Let r be n(12). Let i(g) = r*g - 2 + g - 3*g - 2. What is i(v)?
4
Let i(a) = 2*a**2 - 6*a - 1. Let o(z) = -2*z**3 - 16*z**2 - 13*z + 11. Suppose -3*x - 33 = 3*r, 3*x = -0*r - 2*r - 26. Let t be o(r). Determine i(t).
7
Let u(f) be the first derivative of -1/4*f**4 - 1/2*f**3 + 3/2*f**2 + 26 - 1/20*f**5 - 40*f. Let x(y) be the first derivative of u(y). Determine x(-3).
12
Suppose 0 = -4*y + 2*l - 6, 0*y - 18 = 2*y - 4*l. Suppose 12 = 5*i - i. Let o(f) = -8*f + 5*f + 1 + 3*f - i*f. Give o(y).
-2
Let w(u) = -182 + 91*u - 44*u - 97 - 40*u + 33. What is w(36)?
6
Let q(k) = -16 - 98 + 314*k - 156*k - 148*k. Calculate q(11).
-4
Let u be (-27)/15 + 2 + (-3244)/20. Let h = 156 + u. Let r(i) = -i**2 - 11*i - 4. Determine r(h).
26
Let w = 350 + -348. Let o(n) = -w + 12*n + 10*n - 2*n - 18*n. Give o(0).
-2
Let y(j) be the first derivative of -j**6/30 + j**4/24 - j**3/6 - 10*j**2 - 24. Let r(a) be the second derivative of y(a). Determine r(1).
-4
Let i(f) = -21*f - 4. Let y(p) = -12*p - 10. Let s(c) = 14*c + 9. Let x(a) = -5*s(a) - 4*y(a). Let w(u) = 4*i(u) - 3*x(u). Determine w(-1).
17
Let o(n) = -n**3 - 4*n**2 + n + 3. Let q(l) = 66*l**3 + 4 - 72*l**3 + 7*l**3 + 3*l - 5*l**2. Let v be (-26)/(-10) - (-4)/10. Let z be q(v). Calculate o(z).
23
Let s(r) = -13*r**2 - 29*r + 17. Let t(b) = 5*b**2 + 10*b - 6. Let d be (-1)/((-3)/(-22)) - 82/123. Let q(y) = d*t(y) - 3*s(y). Let m = -5 + 11. Give q(m).
3
Suppose 1 = 2*s - 9. Let w(c) be the first derivative of c**3/3 - 3*c**2/2 - 3*c - 2281. What is w(s)?
7
Let x(q) = -q**3 - 8*q**2 + 9*q + 21. Let s(u) = 2*u**3 - 82*u**2 + 350*u + 351. Let j be s(36). Determine x(j).
21
Let h(q) = -71*q + 1. Let a be h(2). Let v be ((-12)/(-18))/((-2)/a). Suppose 35 = -3*x + v. Let b(r) = -r**2 + 4*r - 3. What is b(x)?
-3
Let j(w) = 30 + 3*w**3 + 2 + 9*w**2 + 1 - 4*w**3 - 3*w - 5. Calculate j(9).
1
Let j(t) = -10*t**2 + 3*t - 85. Let v(z) = 11*z**2 - 4*z + 95. Let m(h) = 10*j(h) + 9*v(h). Let y be (-2)/(-4) - 13/2. What is m(y)?
5
Let p(b) = 27*b - 5. Let d be 21/((-42)/4) + (-3 - -4). Give p(d).
-32
Suppose 0 = 8*o + 116 - 476. Suppose -3*r - 11 = 2*j + 4, 4*j = -r - o. Let l(u) = -u**3 - 12*u**2 + 15. Give l(j).
15
Let a(f) = -7*f + 5. Let x(n) = -9*n**3 - 3*n**2 + 15*n + 5. Let v(d) = -8*d**3 - 3*d**2 + 13*d + 4. Let p(s) = -6*v(s) + 5*x(s). Let c be p(1). Determine a(c).
-23
Suppose 0 = -3*b + 6 - 0, -4*b - 52 = -5*t. Let m(v) = -6 - 4*v**2 + 3 + t*v**2 - 9*v**2. What is m(0)?
-3
Suppose 0 = g - l, -5*g + 2*l = l - 12. Let j(v) = -8*v**g - 6 + 21*v**3 - 5*v**2 - 12*v**3 + 2*v. Calculate j(4).
-14
Let n(o) be the second derivative of o**3/6 + o**2/2 + 3*o + 14. Let a(s) = 14*s + 6. Let p(l) = -a(l) + 10*n(l). Give p(2).
-4
Let k(z) = -100*z + 54*z + 57*z - 3 + 57*z - 64*z. Let w(g) = 5*g + 3. Let x be w(-2). Let n = x - -12. Determine k(n).
17
Let d be 1/(16 + (-725)/45). Let u(p) = -6*p - 49. What is u(d)?
5
Let f(h) = 12623*h + 0*h**2 - 6305*h - h**2 + 3 - 6315*h. Determine f(-3).
-15
Let r = 22 - 21. Let h(t) = t**3 + t**2. Let l(o) = -7*o**3 - 7*o**2 - o - 1. Let y(z) = r*l(z) + 6*h(z). Let d be 4/(-10) + 3/(-5) + 0. Determine y(d).
0
Suppose 0 = 4*v + 3*b + 29, 4*v - 24*b = -20*b - 8. Let m(p) = p**2 + 3*p - 13. Give m(v).
-3
Let z(w) = -w**3 - 9*w**2 - 5*w + 18. Let p = 4028 - 4036. What is z(p)?
-6
Let j(d) = -2*d**3 + 4*d**2 - 8*d + 21. Let k(t) = -5*t**3 + 8*t**2 - 15*t + 38. Let l(h) = -7*j(h) + 4*k(h). Give l(2).
-35
Let x(h) = -h**2 - h + 1. Let u(y) be the third derivative of -1/24*y**4 - 1/20*y**5 + 5/6*y**3 + 0 + 28*y**2 + 0*y. Let t(q) = -u(q) + 4*x(q). Calculate t(-2).
1
Let c(i) be the third derivative of -11*i**5/60 + i**4/12 + 2*i**3/3 - 303*i**2 + 2. Calculate c(-2).
-44
Let j(c) = c - 5. Suppose -38*m + 90 - 282 = 606. What is j(m)?
-26
Let q(z) be the third derivative of 8*z**2 - z**3 - 1/60*z**5 + 0*z**4 + 0 + 0*z. Let o be q(0). Let j(k) = -k - 14. What is j(o)?
-8
Let j be (-3